What is m(-6)?
-8
Let j be (-30)/(-25)*150/9. Let d(f) = -23*f - j*f + 2 + 45*f. Give d(-4).
-6
Let n(c) = 4*c + 5. Suppose -3*u = 15, 24*q + 25 = 20*q - 5*u. Give n(q).
5
Let o be (88/12)/(112/21 + 18/(-3)). Let i(t) be the first derivative of t**2 + 8*t + 2. Calculate i(o).
-14
Let z(m) = -13*m**2 + 12*m + 27. Let s(q) = -24*q**2 + 22*q + 51. Let t(k) = 6*s(k) - 11*z(k). Calculate t(-8).
-55
Let c(r) be the second derivative of -r**3/6 - 4*r**2 + 45*r. Let u(g) = 2*g + 9. Let h(b) = -3*c(b) - 2*u(b). What is h(10)?
-4
Let r(s) = 22 + 251365*s**2 - 5*s**3 + 3*s**3 + 71*s - 251388*s**2. What is r(-14)?
8
Let p(x) = -2*x**3 + x**2 + x + 1. Let q(f) = f**2 + f + 1. Let j(r) = 2*p(r) - 2*q(r). Let w = -2057 + 2056. What is j(w)?
4
Let i(b) = 3*b**2 + 5*b. Let o(q) = 10*q**2 + 16*q + 1. Let p(d) = 7*i(d) - 2*o(d). Let u = 37840 + -37846. Calculate p(u).
16
Let h(l) = -l**2 + 2*l + 2. Let c(t) = t**3 + 8*t**2 + 8*t + 13. Let i be c(-7). Determine h(i).
-22
Let y(s) = 39*s**3 + 11*s**2 + 43*s - 60. Let c(t) = 7*t**3 + 2*t**2 + 8*t - 12. Let h(r) = -11*c(r) + 2*y(r). Give h(0).
12
Let b(u) = -u**3 + 12*u**2 + 11*u + 27. Let m be b(13). Let c be (m/(-6) + (-5)/15)*-4. Let y(v) = -v**2 + 3*v - 3. Determine y(c).
-1
Let i(w) be the first derivative of -7*w**3/3 + 7*w**2 - 5*w - 5365. Determine i(6).
-173
Let d(i) = -6*i**3 + 2*i**2 - 2. Let b be d(-1). Let o = 15 - 11. Let t(p) = -p**3 + 26*p**2 - 21*p**2 + o*p + 0*p**3 + 6. Give t(b).
-6
Let p(r) be the second derivative of -r**3/2 - 37*r**2/2 + 410*r - 1. Determine p(-11).
-4
Let w(i) be the first derivative of i**5/60 - 5*i**4/24 - 23*i**2 + 136. Let m(x) be the second derivative of w(x). Calculate m(4).
-4
Let p(r) = -7*r - 1. Let z be 1*-3 - -5*48/40. Suppose -2*k = z*y + 2, 0 = 5*k - 5 - 5. Calculate p(y).
13
Let n(j) be the third derivative of 61*j - 3/2*j**4 + 0 - 1/6*j**3 + j**2. Calculate n(1).
-37
Let t = 340 - 335. Let n(r) = 52*r - r**2 - t - 28*r - 16*r. What is n(9)?
-14
Let p(o) = o**2 - 6*o - 4. Let m(k) = -k**2 + 17*k - 3. Let w be m(0). Let r(j) = j**2 - 1 + j**2 - j - j**2 - 4. Let d be r(w). Calculate p(d).
3
Let z(l) be the first derivative of l**4/4 - 13*l**3/3 + 5*l**2 + 27*l - 742. Give z(12).
3
Let v(w) be the second derivative of w**4/24 + 5*w**3/2 - 257*w**2/2 - 185*w. Let f(t) be the first derivative of v(t). What is f(-11)?
4
Suppose 131*b - 167 = 126*b - t, 5*b - 4*t - 132 = 0. Let m(i) = i**3 - 33*i**2 + 34*i - 36. What is m(b)?
28
Let a(b) = -2*b + 40 + 2*b - 41 + b. Suppose 0 = -5*o - 16 - 9. Let t be -2 - (o + (-2)/1). What is a(t)?
4
Let q(x) = -x**3 + 5*x**2 + 2*x - 5. Let l(f) = 2*f + 9. Let h(v) = -v**3 - 7*v**2 + 6*v + 16. Let i be h(-8). Let r = i - 34. Let k be l(r). Give q(k).
5
Let w be -11 + 1 + 48/((-144)/(-12)). Let n(h) = h**2 + 11*h - 16. What is n(w)?
-46
Let s(n) = -n**3 + 10*n**2 - 9*n - 81. Let i be s(5). Let m(v) = -2*v + 2. What is m(i)?
4
Let g(x) = -x**2 - 1. Let t be g(-1). Let h(n) = -25*n**2 + 21*n + 11. Let d(f) = -7*f**2 + 6*f + 3. Let b(w) = 7*d(w) - 2*h(w). Determine b(t).
3
Let o(s) = 11*s**2 - 1. Suppose -3*u + 54 = -2*c + 3*c, 0 = -u + 2*c + 25. Suppose -u*y + 24*y + 20 = 0. Let b(p) = 2*p**2 + 7*p - 5. Let x be b(y). Give o(x).
10
Let v(d) = -d**2 + d + 7. Let w be v(0). Let x(u) = 9*u - 2*u - 3 + 5 + 0*u**2 - 11*u + 6*u**2 - 5*u**2. Determine x(w).
23
Let h(f) = f**3 - 8*f**2 + 10*f - 18. Let b be h(7). Suppose 8*i - b*i = -i. Let d(x) be the first derivative of -x**4/4 + x**3/3 + 6*x - 15. What is d(i)?
6
Let w(z) = -7*z**2 + 20*z. Let v(p) = -19*p**2 + 55*p - 1. Let y(b) = 4*v(b) - 11*w(b). Let i be -4*(-4)/(-1 - 3). What is y(i)?
12
Let n(q) = -q**3 - 13*q**2 - 3*q - 45. Let t be n(-13). Let k be (54/36)/(3/t). Let x(c) = -2*c**3 - 4*c**2 - 5*c - 2. Calculate x(k).
31
Let r(z) be the second derivative of z**5/10 - z**4/3 - 11*z**3/6 - 4*z**2 - 8805*z. Calculate r(4).
12
Let v(c) be the first derivative of -c**4/2 - c**2/2 - 2*c + 236. Let h be (-5)/1*(-6)/(-15). Give v(h).
16
Let b(w) = 2*w + 12. Let u(q) = 1. Let h(f) = -b(f) + 10*u(f). Determine h(5).
-12
Let z(m) = -30 - 7*m + 1 + 18 - 3 - 1. What is z(-6)?
27
Let x(q) = q**2 + 23. Let f = 265 - 546. Let w = f + 281. Determine x(w).
23
Let x(f) = f**2 + 27*f - 76. Let r be x(-31). Let n = r + -38. Let d(a) = 150 + n*a - 14*a - 145. What is d(7)?
-23
Let c(g) = g**2 + 20*g + 12. Let w = 21313 + -21321. Determine c(w).
-84
Let z(j) = j**3 - 8*j**2 - 10*j + 7. Suppose g + 8 = -7*g + 64. Give z(g).
-112
Let g(f) be the second derivative of -2*f**3/3 - 7*f**2/2 - 5902*f. Give g(2).
-15
Let y = 12678 - 12674. Let n(f) be the first derivative of -f**3/3 + 5*f**2/2 + f + 7. Calculate n(y).
5
Let p = 4576 + -4577. Let k(x) = -53*x**2 + 2*x + 1. Determine k(p).
-54
Suppose -4*f + 12 = 28*l - 31*l, -5*f = 5*l - 50. Let o(t) = -2*t**2 + 11*t - 15. Determine o(l).
-3
Let b(u) = u**2 - u + 3. Let p be 3 - 7/(21/(-6)). Suppose -p*h + 31 = 6. Suppose -h*o + 4*y + 3 = -17, -o + 5*y + 25 = 0. What is b(o)?
3
Let d(b) be the first derivative of -3*b**2 + 14*b + 791. What is d(-9)?
68
Let j(a) = a**2 + 7*a + 6. Suppose 39 - 127 = -4*q. Suppose -c + 5*l = 15, q*l - 25*l + 16 = -2*c. Calculate j(c).
-4
Let z(i) be the second derivative of 5*i**4/12 + 3*i**2/2 + 331*i. What is z(-2)?
23
Let f = -2434 + 2432. Let y(a) = 13*a**2 + 2*a - 2. What is y(f)?
46
Let l(a) = 69*a - 6153. Let i be l(89). Let c(q) = q**3 + 10*q**2 - 25*q - 22. Give c(i).
-10
Let i(f) be the third derivative of -f**4/8 + 2*f**3/3 - 6732*f**2. Let d(t) = -t + 3. Let w be d(3). Let p be w - -2 - (-2)/1. What is i(p)?
-8
Let o(y) be the second derivative of -7*y**3/2 + 411*y**2 + 6930*y. Give o(39).
3
Let d(w) be the third derivative of w**6/180 - 11*w**5/120 + w**4/8 - 59*w**3/3 + w**2 - 21*w. Let c(q) be the first derivative of d(q). Give c(5).
-2
Let x(v) = -2*v**3 - 7*v**2 + 12*v + 30. Let i be x(-4). Let n(z) = -23*z - 15. Determine n(i).
31
Let k be (-70)/(-245) + (-37)/7. Let y(u) = u - 6. Let p(d) = d - 5. Let f(n) = k*y(n) + 6*p(n). Let j be -8 - (0 - (-1 + 2)). Give f(j).
-7
Suppose 5*z - 40 = 2*a, -134*z = -132*z - 12. Let b(h) = h**3 + 6*h**2 + 4*h - 2. Calculate b(a).
3
Let r(i) = -11*i - 10. Let x = 332 - 327. Let u(o) = -9*o - 10. Let z(f) = x*r(f) - 6*u(f). Give z(0).
10
Let a(q) = q + 5. Let t(s) = -4*s - 1. Let f(j) = 15*j + 3. Let y(m) = 6*f(m) + 22*t(m). Let g be y(3). Suppose -19 = g*o - 5. Give a(o).
-2
Let t(z) = -z**2 + 67*z + 27. Let i(m) = 2*m**2 - 168*m - 55. Let o(l) = -2*i(l) - 5*t(l). Give o(-10).
65
Let o(w) = w**2 - 6*w + 3. Let s(u) = -u**3 - 7*u**2 - 10*u + 6. Let i be s(-5). Suppose 0*j = i*j - 30. Give o(j).
-2
Let n(h) = -29*h**3 + 42*h**2 + 103*h + 6. Let z(o) = -10*o**3 + 15*o**2 + 37*o + 2. Let b(x) = -4*n(x) + 11*z(x). Calculate b(-1).
-6
Let i = 158 + 111. Let j = 267 - i. Let a(u) = 6*u**2 + 2*u + 1. Calculate a(j).
21
Suppose 5*n = 3 - 33. Let a(k) = -k + 2. Let m be a(0). Let q(w) = -8*w + w**3 - 10 + 21 - m*w**3 - 7*w**2 - 14. Determine q(n).
9
Let s(u) = u**3 - 9*u**2 - 7*u - 12. Let z(v) = -v**2 - 18*v + 10. Let r be z(0). What is s(r)?
18
Suppose 0 = -64*f + 66*f - 0 + 14. Let v(r) = 6*r - 9. Calculate v(f).
-51
Suppose 0 = 2*x - 2*d - 34, 0 = 5*x - d - 54 - 19. Let a(t) = -31*t**2 - 10*t - 12 + 16*t**2 + x*t**2. Calculate a(-8).
4
Let h(a) = -7*a + 1. Let f(o) = -6*o - 1. Let n(j) = 3*f(j) - 3*h(j). Let s(v) = v**3 + 11. Let p be s(-4). Let z = p + 59. Determine n(z).
12
Let v(b) be the third derivative of b**7/840 + b**6/60 - 7*b**5/120 + 5*b**4/24 - 5*b**3/3 + 34*b**2. Let w(s) be the first derivative of v(s). Give w(-7).
5
Let s(h) be the third derivative of -h**4/24 + h**3/2 + 1090*h**2. Give s(-1).
4
Let c(p) be the first derivative of -p**5/120 + 13*p**4/24 + 17*p**3 - 2. Let f(a) be the third derivative of c(a). Determine f(12).
1
Suppose 3*d - 5 = 8*d. Let l(n) be the second derivative of 2*n**5/15 + n**4/24 - 67*n**2 + 73*n. Let h(r) be the first derivative of l(r). What is h(d)?
7
Let b(z) = -z**3 - 4*z**2 + 19*z + 4. Let i be b(-7). Let p be i/(-4)*16/(-12). Let w(m) = 3*m - 15. Give w(p).
3
Let u(w) be the first derivative of -w**3/3 - 4*w**2 - 2*w + 424. Let v(l) = 11*l + 4. Let z be v(4). Let o be 1/(-1)*z/8. What is u(o)?
10
Let l(u) be the first derivative of -u**3